{"id":59965,"date":"2023-11-21T04:00:00","date_gmt":"2023-11-20T19:00:00","guid":{"rendered":"http:\/\/V-CMS.library.local\/?page_id=59965"},"modified":"2023-12-01T16:44:43","modified_gmt":"2023-12-01T07:44:43","slug":"%e7%89%b9%e5%88%a5%e8%b2%b8%e5%87%ba%e7%94%a8%e5%9b%b3%e6%9b%b8%e3%82%bb%e3%83%83%e3%83%88%ef%bc%88%e6%9c%9d%e3%81%ae%e8%aa%ad%e6%9b%b8%e7%94%a8%e3%82%bb%e3%83%83%e3%83%88%e3%80%80%e5%a4%96%e5%9b%bd","status":"publish","type":"page","link":"https:\/\/www.library.pref.osaka.jp\/site\/central\/school-tsetlist60.html","title":{"rendered":"\u7279\u5225\u8cb8\u51fa\u7528\u56f3\u66f8\u30bb\u30c3\u30c8\u3000\u5916\u56fd\u8a9e\u8aad\u7269"},"content":{"rendered":"\n<figure class=\"wp-block-table\"><table><tbody><tr><th>\u30bb\u30c3\u30c8\u540d<\/th><th>\u5185\u5bb9<\/th><\/tr><tr><td><a href=\"#60\">\u30b9\u30da\u30a4\u30f3\u8a9e\u8aad\u7269\uff11<\/a><\/td><td>\u300e\u96e8\u3042\u304c\u308a\u306e\u30e1\u30c7\u30b8\u30f3\u300f\u539f\u4f5c\u307b\u304b\u3001\u5150\u7ae5\u6587\u5b66\u8cde\u53d7\u8cde\u4f5c\u3092\u4e3b\u3068\u3057\u305f\u30b9\u30da\u30a4\u30f3\u8a9e\u306e\u307f10\u518a\u306e\u30bb\u30c3\u30c8<\/td><\/tr><\/tbody><\/table><\/figure>\n\n\n\n<p>\u3000<a href=\"\/site\/central\/school-tsetlist0.html\">\u7279\u5225\u8cb8\u51fa\u7528\u56f3\u66f8\u30bb\u30c3\u30c8\u4e00\u89a7\u3078<\/a><\/p>\n\n\n\n<h2 class=\"wp-block-heading\" id=\"60\"><a>\u30b9\u30da\u30a4\u30f3\u8a9e\u8aad\u7269\uff11<\/a><\/h2>\n\n\n\n<ol>\n<li>El Hombrecito vestido de gris y otros cuentos\u3000Fernando Alonso ; ilustrado por Ulises Wensell\u3000Kalandraka,2019\u5e74<br>(\u5150\u6587\u9928\/2023\/\u897f\u8aad1-1,7180031705)<\/li>\n\n\n\n<li>Barro de Medell\u00edn\u3000Alfredo G\u00f3mez Cerd\u00e1 ; ilustraciones, Xan L\u00f3pez Dom\u00ednguez\u3000Edelvives, 2009\u5e74<br>(\u5150\u6587\u9928\/2023\/\u897f\u8aad1-2,7180031713)<\/li>\n\n\n\n<li>Mi abuelo ten\u00eda un hotel\u3000Daniel Nesquens ; ilustraciones de Bea Enr\u00edquez\u3000Anaya,2020\u5e7411\u6708<br>(\u5150\u6587\u9928\/2023\/\u897f\u8aad1-3,7180031721)<\/li>\n\n\n\n<li>Cuentos del pa\u00eds de los vascos Ajito; Sal; Huevo; P\u00e1jaro; Titirit\u00ed\u3000Juan Kruz Igerabide ; ilustraciones, Elena Odriozola\u3000C\u00e9nlit,2018\u5e74<br>(\u5150\u6587\u9928\/2023\/\u897f\u8aad1-4,7180031739)<\/li>\n\n\n\n<li>Un camello en la cornisa\u3000Care Santos, Violeta L\u00f3piz\u3000Macmillan Infantil y Juvenil,2009\u5e74<br>(\u5150\u6587\u9928\/2023\/\u897f\u8aad1-5,7180031747)<\/li>\n\n\n\n<li>Conejos de etiqueta\u3000Gabriela Keselman ; ilustraciones de Teresa Novoa\u3000Ediciones SM,2019\u5e744\u6708<br>(\u5150\u6587\u9928\/2023\/\u897f\u8aad1-6,7180031754)<\/li>\n\n\n\n<li>La bicicleta de Selva\u3000M\u00f3nica Rodr\u00edguez ; ilustraciones de Anuska Allepuz\u3000Anaya,2020\u5e748\u6708<br>(\u5150\u6587\u9928\/2023\/\u897f\u8aad1-7,7180031762)<\/li>\n\n\n\n<li>\u00d3scar y el le\u00f3n de Correos\u3000Vicente Mu\u00f1oz Puelles ; ilustraciones, Noem\u00ed Villamuza\u3000Anaya,2021\u5e747\u6708<br>(\u5150\u6587\u9928\/2023\/\u897f\u8aad1-8,7180031770)<\/li>\n\n\n\n<li>La amiga m\u00e1s amiga de la hormiga Miga\u3000Emili Teixidor ; ilustraciones de Dani Padr\u00f3n\u3000Ediciones SM,1997\u5e74<br>(\u5150\u6587\u9928\/2023\/\u897f\u8aad1-9,7180031788)<\/li>\n\n\n\n<li>Un monstruo en el armario\u3000Carmen V\u00e1zquez-Vigo ; ilustraciones, David Sierra List\u00f3n\u3000Ediciones SM,2017\u5e746\u6708<br>(\u5150\u6587\u9928\/2023\/\u897f\u8aad1-10,7180031796)<\/li>\n<\/ol>\n\n\n\n<p><a href=\"\/site\/central\/school-tsetlist60.html#top\">\u30da\u30fc\u30b8\u30c8\u30c3\u30d7\u3078<\/a><\/p>\n\n\n\n<p><a href=\"\/site\/central\/school-tsetlist0.html\">\u7279\u5225\u8cb8\u51fa\u7528\u56f3\u66f8\u30bb\u30c3\u30c8\u4e00\u89a7\u3078<\/a><\/p>\n\n\n\n<hr class=\"wp-block-separator has-alpha-channel-opacity\"\/>\n","protected":false},"excerpt":{"rendered":"<p>\u30bb\u30c3\u30c8\u540d \u5185\u5bb9 \u30b9\u30da\u30a4\u30f3\u8a9e\u8aad\u7269\uff11 \u300e\u96e8\u3042\u304c\u308a\u306e\u30e1\u30c7\u30b8\u30f3\u300f\u539f\u4f5c\u307b\u304b\u3001\u5150\u7ae5\u6587\u5b66\u8cde\u53d7\u8cde\u4f5c\u3092\u4e3b\u3068\u3057\u305f\u30b9\u30da\u30a4\u30f3\u8a9e\u306e\u307f10\u518a\u306e\u30bb\u30c3\u30c8 \u3000\u7279\u5225\u8cb8\u51fa\u7528\u56f3\u66f8\u30bb\u30c3\u30c8\u4e00\u89a7\u3078 \u30b9\u30da\u30a4\u30f3\u8a9e\u8aad\u7269\uff11 \u30da\u30fc\u30b8\u30c8\u30c3\u30d7\u3078 \u7279\u5225\u8cb8\u51fa\u7528\u56f3\u66f8\u30bb\u30c3\u30c8\u4e00\u89a7\u3078<\/p>\n","protected":false},"author":792,"featured_media":0,"parent":52811,"menu_order":253,"comment_status":"closed","ping_status":"closed","template":"","meta":{"_lmt_disableupdate":"","_lmt_disable":"","_themeisle_gutenberg_block_has_review":false,"footnotes":""},"acf":[],"_links":{"self":[{"href":"https:\/\/www.library.pref.osaka.jp\/index.php?rest_route=\/wp\/v2\/pages\/59965"}],"collection":[{"href":"https:\/\/www.library.pref.osaka.jp\/index.php?rest_route=\/wp\/v2\/pages"}],"about":[{"href":"https:\/\/www.library.pref.osaka.jp\/index.php?rest_route=\/wp\/v2\/types\/page"}],"author":[{"embeddable":true,"href":"https:\/\/www.library.pref.osaka.jp\/index.php?rest_route=\/wp\/v2\/users\/792"}],"replies":[{"embeddable":true,"href":"https:\/\/www.library.pref.osaka.jp\/index.php?rest_route=%2Fwp%2Fv2%2Fcomments&post=59965"}],"version-history":[{"count":5,"href":"https:\/\/www.library.pref.osaka.jp\/index.php?rest_route=\/wp\/v2\/pages\/59965\/revisions"}],"predecessor-version":[{"id":60049,"href":"https:\/\/www.library.pref.osaka.jp\/index.php?rest_route=\/wp\/v2\/pages\/59965\/revisions\/60049"}],"up":[{"embeddable":true,"href":"https:\/\/www.library.pref.osaka.jp\/index.php?rest_route=\/wp\/v2\/pages\/52811"}],"wp:attachment":[{"href":"https:\/\/www.library.pref.osaka.jp\/index.php?rest_route=%2Fwp%2Fv2%2Fmedia&parent=59965"}],"curies":[{"name":"wp","href":"https:\/\/api.w.org\/{rel}","templated":true}]}}